) = -3*q**3 - g*q**2 - 10*q - 3 + 15*q + 4*q**3. Determine s(3).
12
Let q(j) = j + 15. Suppose -x - x = 0, -3*x = 4*p + 32. Give q(p).
7
Let h = -9 - -15. Let r(g) = -g - 4 - h + 8. Suppose -1 = -5*b + 29. What is r(b)?
-8
Let y(d) = d - 2. Suppose 6*z = 3*z + 9. Let n = z + -1. Let f(p) = -p**2 + 3*p + 1. Let v be f(n). What is y(v)?
1
Let t(s) = 2*s + 17. Let v be t(-8). Let k(o) = 5*o**3 - 2*o**2 + 1. Determine k(v).
4
Let x be -2 + (-3 + 1)*-1 - 2. Let v(r) = -2*r**3 + 2*r**2 - 2. Give v(x).
22
Let w(y) = -2*y**2 - 5*y + 2. Let r(i) = -9*i**2 - 9*i + 4. Let v(x) = x**2. Let k(b) = r(b) + 5*v(b). Let u(a) = 4*k(a) - 7*w(a). Determine u(-2).
-4
Let m(x) = x**3 - 4*x**2 + x - 5. Let o = 10 - 6. Let c be m(o). Let h(k) = 3*k**3 + 2*k + 1. Give h(c).
-4
Suppose 0*g = g + 1. Let j(l) = 7*l**2 + l + 1. Let x(y) = -15*y**2 - 2*y - 2. Let c(h) = 5*j(h) + 3*x(h). Give c(g).
-10
Let v = -29 + 24. Let h(g) = g**3 + 4*g**2 - 4*g - 2. Give h(v).
-7
Suppose -2*y = 0, 2*k + y + 2 = -2*y. Let a(l) = -2*l + 22*l**2 + l - 25*l**2. Calculate a(k).
-2
Let c(s) = s**2 - 17 + 7*s + 28 - 10. Determine c(-6).
-5
Let q(a) = -a - 4. Let h(k) = 2*k + 4. Let i = -9 - -6. Let y be h(i). Calculate q(y).
-2
Let o be (5/4)/((-2)/16). Let c = o + 5. Let k(r) = r**2 + 5*r + 5. Calculate k(c).
5
Suppose -3*m - 5*d = -11, 3*m - 3*d - 3 = -0*d. Let b(o) = 1 - 7*o**m - o**3 + 8 - 9. Determine b(-7).
0
Suppose 6*g = 2*g + 8. Suppose 0*d - 10 = -g*d - 2*n, -3*n = -d + 9. Let u(i) = i - 8. What is u(d)?
-2
Let p be 6*-1 + (-1)/(-1). Let l(k) = -k - 5. Give l(p).
0
Let v be 4 + -1 + 1 + 1. Suppose -20 = -v*b, g + b = 3*b - 5. Let d(f) = 1. Let p(n) = -n + 1. Let m(h) = -3*d(h) - p(h). What is m(g)?
-1
Let o(s) = -s**2 - s - 1. Let c(r) = -5*r**2 + r + 2. Let k(x) = -c(x) + 4*o(x). Suppose 5*h + 7 = 32. What is k(h)?
-6
Let s(g) = -99 - 6*g**2 - g**3 + 9*g + 99. Determine s(-7).
-14
Let g(n) = -6 - 27*n**2 - 6*n + 29*n**2 + 4 - 5. Determine g(5).
13
Let v(i) = -8*i + 3. Let x(c) = 33*c - 13. Let r(o) = 9*v(o) + 2*x(o). Determine r(-2).
13
Let c = -3 + 6. Let y(v) = -4*v + 2 + v + v**2 - 6. Determine y(c).
-4
Let d(y) = 3*y - 3. Suppose -2*j = 2*z - 12, 2*z + 8 = 4*j + 2. What is d(j)?
6
Let q(i) = -2*i + 9*i - 6*i. Give q(3).
3
Let n(w) = 5*w**2 - 2*w**2 - w**3 - 3 + 3 - 2. Calculate n(2).
2
Let v = -2 + 1. Let l(q) be the first derivative of q**5/10 + q**4/24 - q**2/2 - 3. Let o(k) be the second derivative of l(k). Calculate o(v).
5
Suppose 27 = -0*d - 3*d. Let i(b) = 13*b**2 - 19*b - 1. Let v(z) = -6*z**2 + 9*z. Let r(w) = d*v(w) - 4*i(w). Suppose j - 6 = -j. Give r(j).
7
Let j(h) = -h**2 - 1. Let b = -8 + 9. Let q(v) = 3*v**2 - 5*v + 4. Let z(g) = b*q(g) + 2*j(g). Give z(3).
-4
Let w(v) be the third derivative of 3*v**4/8 - v**3/6 + 6*v**2. Calculate w(1).
8
Let i = 2 + 4. Suppose 0 = 2*k - 6*k + 2*u + i, 3*k = 3*u + 3. Let b(t) = 4*t - t**2 + 3*t**k - 7 - t**2. Give b(-5).
-2
Suppose 3*a = -5*h + 7, -2*h - 1 = -0*h + 5*a. Let i(z) = h*z - 2 - 3*z + 2 - 1. Give i(-2).
1
Suppose -3*o = -4*k - 33, k + 0*k + 27 = 2*o. Let a be (-2)/4*(3 - o). Let u(p) = p - 7. Give u(a).
-1
Let i(s) be the first derivative of 3*s**2/2 + 8*s - 1. Calculate i(-7).
-13
Let t(y) = y**3 - 72*y - 2 + 148*y - 76*y. Calculate t(0).
-2
Let k(g) = -7*g**2 + 14*g + 8. Let n(z) = 4*z**2 - 7*z - 4. Let j(c) = -6*k(c) - 11*n(c). Let a = -10 - -6. What is j(a)?
-8
Let a(w) = -4*w**2 + w + 10. Let i(t) = -t**2 + 3. Let q(v) = -2*a(v) + 7*i(v). Determine q(1).
0
Let g(o) = -44*o**2 - 2 + 3*o + 0 + 46*o**2. What is g(-3)?
7
Let k(j) be the first derivative of j**3/3 - 2*j**2 - 4*j + 21. Give k(4).
-4
Let d(l) = -l. Let k(g) = -7*g - 2. Let p(f) = -6*d(f) + k(f). Give p(7).
-9
Let g(c) = c + 5. Let h(i) = i + 4. Let p be h(-7). What is g(p)?
2
Let g(i) be the second derivative of -i**3/3 - i**2/2 + i. Suppose 4*b - 3*c = 2*b + 14, -2*b - 4*c = 14. Give g(b).
-3
Suppose 5*v + 4*m + 1 = 6, -15 = 2*v + 5*m. Let d(h) = -3*h + 50. Let q be d(16). Let j(t) = 0 + v*t - 3 - t**2 + 0*t - q. Determine j(4).
-1
Let w(m) = m**2 - 7*m + 7. Let d = 11 - 8. Suppose 0 = -n + j + d - 1, 3*n - 9 = 2*j. Suppose -4*f + 22 = 2*x - 3*x, n*f + 3*x = 36. What is w(f)?
1
Let a(t) be the second derivative of t**4/12 + 2*t**3/3 - 5*t**2/2 - 4*t. Let x = -19 + 15. Determine a(x).
-5
Let d(o) = o**3 + 3*o**2 - 2*o + 2. Let p(m) = -2*m**2 - 2*m + 1. Let r(f) = f**2 + 3*f + 3. Let k be r(-2). Let j be p(k). What is d(j)?
8
Let l(a) = -36 - a + 36. What is l(-1)?
1
Let w(d) = -d**2 - 31 + 2*d**2 + 27. Determine w(0).
-4
Let u(p) = -6*p + 14 - 8 + 0*p**2 + p**2. Determine u(6).
6
Let c(k) = 3*k**3 - 6*k**2 + 9*k - 8. Let y(z) = 10*z**3 - 17*z**2 + 27*z - 24. Let u(x) = 7*c(x) - 2*y(x). Calculate u(7).
6
Let p(m) = 6*m. Let t(i) = i + 12. Let x be t(-11). Let w be -1 - -4 - (x + 3). Determine p(w).
-6
Let z(k) = k**3 + k**2. Let d be z(-1). Suppose 24 = 4*m - 2*l, d = -0*m - 2*m - l + 12. Let r(j) = 4*j + 4*j - 7*j**2 - m - 2*j + j**3 + j. What is r(6)?
0
Let f = 0 + 3. Let s = f + -6. Let z(a) = 4*a - 2*a**2 + 5*a**2 - a**2. What is z(s)?
6
Suppose 2*h + 28 = -2*h. Let m(k) = k**3 + 6*k**2 - 6*k + 6. What is m(h)?
-1
Let w(v) = v**3 + 4*v**2 + 2*v + 1. Let g be ((-8)/(-20))/(1/10). Let q = g - 5. Let j(h) = -5*h**2 - 2*h - 1. Let s be j(q). What is w(s)?
-7
Suppose 0*y = 2*y - 6. Let n(v) = 4 - 2 - v - 2*v - y*v**2 + 2*v**2. Let a = -5 + 7. Give n(a).
-8
Let v be (-1)/(-2)*(-1 - -13). Let b(j) = 62*j - 61*j + 2 - 6. What is b(v)?
2
Let o(c) be the third derivative of c**4/24 - 2*c**3/3 - c**2. Let f(g) = g**3 + g**2 - 2*g + 4. Let s be f(-3). Let z = s + 5. What is o(z)?
-7
Let w(q) = q + 2. Let a be w(-2). Suppose -k + 21 - 20 = a. Let g(p) = 8*p - 1. What is g(k)?
7
Let x(r) = -r**3 - 5*r**2 + 3. Suppose -3*v + 100 = 2*v. Suppose -m = 3*m + v. Determine x(m).
3
Let t(u) = 4 - 501*u**2 - u - u**3 + 501*u**2. Suppose 7 = 4*g + p, 4*g - 6*g + 5*p = -31. Suppose 2*r - 2*b = -0 - 4, -2*r = -g*b + 6. Give t(r).
4
Let l(r) = 6*r. Let u be l(-1). Let y = 11 - 8. Let j(m) = -5 - 5*m - 3*m + m**y - 3*m + 5*m**2 + 5*m. Calculate j(u).
-5
Let p(o) = -o**3 + 5*o**2 + 8*o - 7. Let r be (-32)/(-14) + (-16)/56. Let g be (r/(-6))/(3/(-54)). What is p(g)?
5
Let r(h) = h**3 - 6*h**2 + 4*h. Let s(d) = 3*d**3 + 2*d**2 - 2*d - 4. Let k be s(-2). Let y = k + 21. Calculate r(y).
-5
Let c(t) be the first derivative of t**4/4 - 2*t**3/3 + t**2 - t + 9. Give c(2).
3
Suppose 2*n = -7 + 1. Let d be (3 - n) + (-3 - -3). Let c(r) = -r**2 + 6*r + 6. What is c(d)?
6
Suppose r = 2*v + 10 - 1, 0 = 5*v - 5*r + 15. Let x = 8 + v. Let o(q) = x + 1 + q - 1. Calculate o(4).
6
Let p(x) = -x**3 + 8*x**2 - x + 9. Let i be p(8). Let s = i - -1. Let o(l) = -11*l**2 - l + 0 - 1 + 4*l**s. Give o(-1).
-7
Let c(w) = w + 5. Let b = 26 + -19. Let q(a) = 2*a - 9. Let i be q(b). Give c(i).
10
Let z(i) = -i - 9. Let n(a) = -1. Let k(g) = -2*n(g) + z(g). Suppose 7*l = 10*l - 12. Let q = l - 10. Determine k(q).
-1
Let p be 1 + 1 + (-2)/2. Let x be 5 - 1 - (0 + 0). Let s(w) = 3*w - p + x + 3. What is s(-4)?
-6
Suppose 4*w = -h + 6*w - 1, -2*h - 2 = 2*w. Let p(f) = 6*f**3 - f. Give p(h).
-5
Suppose 0 = -r - 2*r. Let q(b) = -2*b + 1. Let d be q(-1). Let t(n) = 0 - d - n - 3. Determine t(r).
-6
Suppose -2*d - 10 = -p, p + 7 = 3*d + 22. Let h(k) = k**2 - k - 1. Let m(t) = -4*t**2 + t + 3. Let f(i) = d*h(i) - m(i). Determine f(3).
5
Let c(f) = 2*f**3 + f. Let z(d) = -2*d - 5. Let b = 2 + -6. Let j be z(b). Suppose 4*q - 8 = -j*s, 0 = 5*q + s - 3*s + 13. What is c(q)?
-3
Let w(s) = 0 + s - 1 - s**2 + 5 - 3. What is w(-2)?
-5
Suppose 24 = -3*g + 9. Let q(m) be the second derivative of -1/12*m**4 - m**3 + 2*m - 3*m**2 + 0. Give q(g).
-1
Let f(y) = y**2 + 1 - 4 + 4 + 4*y - 2. Let u be 1/(-3) + 24/(-9). Give f(u).
-4
Let x(a) be the third derivative of a**5/60 - 11*a**4/24 - 2*a**3 - 8*a**2. Let s be ((-12)/(-5))/((-2)/(-10)). Let z be x(s). Let u(h) = h + 2. Calculate u(z).
2
Let f(t) = -t - 1 - 7*t**3 + 6*t**3 + 2*t + 5*t**2 + 0. What is f(5)?
4
Let w be (-6)/(2*(-1)/(-4)). Let k = w - -8. Let q(o) be the first derivative of o**3/3 + 2*o**2 - 4*o + 2. Give q(k).
-4
Suppose 0 = 2*c - 2 - 4. Let y(o) = -c + 5*o**2 + 3*o**2 - o**3 - o - 4*o**2. Determine y(3).
3
Let z(l) = 6 - 6*l + 187*l**2 + 0*l**3 - 191*l**